0. Suppose -2*q = -i*q + s. What is the tens digit of q?
2
Let v be (-44)/(-33)*(-66)/4. What is the tens digit of (-4)/v - (-1796)/44?
4
Suppose -17 - 4 = -f. Suppose f = b - 13. What is the units digit of b?
4
Suppose 5*c = 9 + 1. Let p be -2*c/8*-90. What is the tens digit of 4 + (p - -2) + 0?
5
Let r(k) = -k**3 + 10*k**2 + k + 3. Suppose 3 = -3*d, 2*t - d - 37 = -4*d. Let q be ((-2)/(-2))/(2/t). What is the units digit of r(q)?
3
Suppose 0*f - 8 = -3*q + f, -3*q + 5 = -4*f. Suppose -q*v + 1 + 8 = 0. What is the units digit of -3*v*(-24)/18?
2
Let v = -30 + 33. Suppose 0 = -v*m + 3*t + 21, 4*m + 4*t = -0*m - 12. What is the units digit of 4 - (m - (-1 - -2))?
3
Suppose -27208 - 258838 = -89*z. What is the tens digit of z?
1
Let m = -38 - -40. What is the units digit of (-21)/m*8/(-14)?
6
Suppose -3*v + 7*b + 2175 = 4*b, 3*v = 2*b + 2177. What is the hundreds digit of v?
7
Let w be 4/16 - 76/(-16). Suppose -a - 3 = 0, 3*r + 3*a - 46 - 17 = 0. Let l = w + r. What is the units digit of l?
9
Let v be 0 - (72 - 0)/(-4). Let a be (-16 - -2)/((-9)/v). Let f = a - -5. What is the tens digit of f?
3
Let a be (-2)/(-5) + 102/(-5). What is the hundreds digit of (-842)/(-8) - (-5)/a?
1
Suppose -7 = 2*o + 3, 0 = -5*i + o + 20. Let j = 6 - i. Suppose 61 + 24 = j*g - z, g + 4*z = 11. What is the units digit of g?
7
Let h = -755 + 854. What is the tens digit of h?
9
What is the hundreds digit of -5 - ((-107184)/(-11))/(-7)?
3
Suppose 5*u + 8 = -2, -2*b = 2*u - 4. Suppose -26 = -b*v + 138. What is the units digit of v?
1
Let i = -601 + 1254. What is the units digit of i?
3
Let b = -34 - -17. Let v = b - -23. Let m(n) = 7*n - 4. What is the units digit of m(v)?
8
Suppose 4*j + l = 4194, -4*j = -5*l - 3702 - 504. What is the thousands digit of j?
1
Let h be 27/(-2) + 42/28. What is the tens digit of h/54 + 227/9?
2
Let i be 16*1/(-1) - -4. Let b be (-6)/(-4) - (-42)/i. What is the units digit of (1 + b - -4) + 39?
2
Let n be 48/(-5) + 2/(-5). Let k = 28 + n. What is the units digit of k?
8
Let h = 10 + -37. What is the units digit of 36/h - (-1632)/9?
0
What is the tens digit of (-6)/10 + (3942/45 - 1)?
8
Let r be (-7)/35 + (-1)/(-5). Suppose -2*o + 180 = -r*o. What is the tens digit of o?
9
Let u = -22 - -363. What is the units digit of u?
1
Suppose -5*s + 247 = 3*o, -21*o + 17*o = 3*s - 344. What is the units digit of o?
9
Suppose -5*d - 15 = 0, 0*x + 917 = x - 4*d. What is the hundreds digit of x?
9
Suppose 14256 = 34*c + 2*c. What is the units digit of c?
6
Let g be (5283/45)/((-2)/(-10)). Suppose -4*f + 4*s + 417 = -f, 4*f - g = -5*s. What is the units digit of f?
3
Suppose -2*c - 5*l + 788 = 0, 0 = -2*c - 7*l + 3*l + 788. What is the hundreds digit of c?
3
Suppose 5*r - 14*r = -27. Suppose 3*t - 6*t - 370 = -5*c, r*c + 3*t - 198 = 0. What is the tens digit of c?
7
Let d(m) = -m**3 + 6*m**2 + m - 5. Let g be d(6). Let o be (-1)/g + (-13)/(-1). What is the units digit of 3*-3*(-44)/o?
3
Suppose -12*r - 9700 = -2*x - 7*r, 5*r = 3*x - 14555. What is the hundreds digit of x?
8
What is the tens digit of 66 + 841 + 1 + (-1 - -1)?
0
Let w be 1*51 + (5 - 8). Let n = -29 + w. Let r = n + -3. What is the tens digit of r?
1
Suppose 18*x - 7958 = 5020. What is the tens digit of x?
2
Suppose -5*o + 593 = -3587. What is the hundreds digit of o?
8
Let p be 24/84 - (-2)/(-7). Suppose -l + 4*l - 48 = p. What is the units digit of l/(-24) - 106/(-6)?
7
What is the thousands digit of ((-21912)/28)/(105/(-490))?
3
Let u = -14 - -17. What is the units digit of u - 2/(-4)*82?
4
Suppose 8*y + 10*y = 10296. What is the units digit of y?
2
Suppose 5*y - 861 = -3*o + 450, 3*y - 780 = -4*o. What is the units digit of y?
4
Suppose -7*d + 2*d + 13 = -o, -d = 2*o + 4. Suppose d*t - 5*v = 165, v = -t - v + 96. Let h = t + -46. What is the units digit of h?
4
Let g(z) = -z**3 + 8*z**2 + z + 4. Let m be 22 + -1 + 3 - -2. Let o = -18 + m. What is the units digit of g(o)?
2
Let f(y) = -12*y + 12*y**2 + 120 - 4*y - 106 - y**3. What is the units digit of f(9)?
3
Let s = 174 - 327. Let j = s + 317. What is the units digit of j?
4
Let f(c) = -c**2 + 3*c + 12. Suppose 3*v + 17 = t, 3*t = -0*t + 3*v + 27. Let j be f(t). What is the tens digit of 2 - 3 - (-30)/j?
1
Let y be 2/3 + (-14)/3 + 5. What is the tens digit of 19920/80 - -1*y/(-1)?
4
Let t = -761 + 1111. What is the tens digit of t?
5
Let a = -149 - -317. Let s = 242 - a. What is the units digit of s?
4
Suppose -320 - 20 = 2*g. What is the units digit of g/(-6) - (-4)/6?
9
Let h(p) = 6*p**3 + 10*p**2 + 6*p - 3. Let m be h(5). What is the hundreds digit of m/7 + 18/14 + -1?
1
Suppose 6 = 2*y + 4*n, -7*y + 3*y - 2*n + 12 = 0. Suppose -4*a - 4*c = -2*c + 14, 3*c + y = 0. Let t = 11 + a. What is the units digit of t?
8
Let t be (-12)/18*6 - -552. Suppose -3*r - t = -4*a, 0*a - 4*r + 274 = 2*a. What is the tens digit of a?
3
Suppose -5*g = -7*g - 4. What is the tens digit of g/(-6) - 438/(-9)?
4
Let x be (-2 + (-8 - -62))*(0 - -5). Suppose 3*s + 5*w - 125 = 2*s, 5*w = -2*s + x. What is the hundreds digit of s?
1
Let r(i) = 7*i**2 + 6*i + 140. What is the tens digit of r(28)?
9
Let l(a) = -a**3 - 6*a**2 + 6*a + 6. Let y be l(-7). Suppose -6 = 16*n - y*n. What is the units digit of 4*n*(-3 + -1)?
2
Let c(h) = -h**3 + 18*h**2 + 131*h + 25. What is the tens digit of c(21)?
5
Let b be (0/(-1) - 195) + -3. Let w = b - -369. What is the units digit of w?
1
Let v(z) = -z. Let c(s) = -s**2 - 4*s + 2. Let m(l) = -c(l) + 5*v(l). Let j be 9 - 0 - (1 - -2). What is the tens digit of m(j)?
2
Let q(d) = -d + 10. Let z(j) = -1. Let y(l) = q(l) + 2*z(l). Let v be y(8). Suppose 2*a - w - 3 = v, -3*a + 4 + 1 = -2*w. What is the units digit of a?
1
Suppose 3*w - 3 = 0, -4*c + 5*w + 521 = -1046. What is the units digit of c?
3
Suppose -2*n - 8 = 3*f + 27, 3*n - 24 = 4*f. Let z = f - -11. What is the units digit of (77/22)/(z/12)?
1
Suppose 2*p + 4 = 0, -154 = -3*u - 2*p + 103. Suppose -u = 8*y - 1543. What is the hundreds digit of y?
1
Let v = 1575 - 294. What is the units digit of v?
1
Let c be 0/(-3*2/(-3)). Suppose c = u - 3*u + 84. Suppose -3*w + u = -3. What is the tens digit of w?
1
Suppose -a = -16 + 10. Suppose a*b - 241 = 29. What is the tens digit of b?
4
Let u = -5 - -15. Let o(k) = k**2 - 11*k + 13. Let a be o(u). Suppose 4*l = 3*z - 50, 5*z + 2*l - a*l - 55 = 0. What is the units digit of z?
0
Suppose -v + 4*f = 9 - 31, 0 = -3*f - 15. Let n(t) = t - 4*t + 3*t**v + t**3 + 0*t**2 - 1. What is the units digit of n(-2)?
9
Suppose 0 = 18*b - 20*b + 14. Let f(d) be the first derivative of d**3/3 - 2*d**2 - 10*d - 2. What is the tens digit of f(b)?
1
Suppose -m = 10*m + 44. Let v(s) = -32*s - 21. What is the units digit of v(m)?
7
Let t(l) = -l**2 - 10*l - 13. Let v be t(-7). What is the units digit of ((-3)/(-30))/(6/75)*v?
0
Suppose -5*j + 145 + 165 = 2*i, 3*j - 483 = -3*i. What is the units digit of i?
5
What is the units digit of (-2)/(-5) - (-142662)/295?
4
Suppose -9*x + 10 + 8 = 0. Suppose z + p - 738 = -3*z, -p = -x. What is the tens digit of z?
8
Suppose -2*p + 1927 + 11124 = 3*v, -v = -p - 4347. What is the units digit of v?
9
Let b = 1 - 3. What is the units digit of 50*b/30*-6?
0
What is the units digit of (-76)/(-494) - (-160)/(-26) - -1393?
7
Suppose 0 = q - j - 272 - 80, -q + 4*j + 352 = 0. Suppose c = -7*c + q. What is the units digit of c?
4
Suppose 2*m = 85 + 73. Let y = m + -48. Let j = 49 - y. What is the units digit of j?
8
Let o be (3 + 0)*(-10)/(-15). Suppose -4*x = 5*v + 168, 4*v - o*x + 32 = -118. Let w = v - -74. What is the tens digit of w?
3
Let y(w) = 3*w**2 + 7*w - 12. Let o be (80/7 - 4) + (-3)/7. What is the units digit of y(o)?
4
Suppose 2*a - 3*a - q + 9 = 0, -5*q = -5*a - 5. Suppose 3*n - a*v = 126, -v = -3*n - 2*v + 141. What is the tens digit of n?
4
Let s = -7 - -17. Suppose -s*l + l = -891. What is the tens digit of l?
9
Let u = 1023 + -335. What is the hundreds digit of u?
6
Let z = 2004 - 1413. Suppose -z = -5*k - 176. Suppose k = 4*o + 23. What is the tens digit of o?
1
Suppose 0 = 3*k + 2*s + 14, 2 = k + 5*s - s. Let y be (-6)/(-4)*(-8)/k. Suppose -d - y*d - 9 = 0, -2*c + 72 = -2*d. What is the units digit of c?
3
Let v(n) = 2*n**2 - 5*n - 34. Let m(o) = o + 34. Let i be m(-22). What is the units digit of v(i)